 -69, -p*h + 0*h + 37 = -2*w. List the prime factors of w/(((-6)/(-3))/(-2)).
2
Let h = -5 + 6. Let f be 1 - (h - (-2)/1). Let w = f - -4. List the prime factors of w.
2
Suppose -4*v + 4 = -2*v. Let y(q) = -q - 4 + v + 6*q - 1. What are the prime factors of y(5)?
2, 11
Suppose -3 = -f + 7. Suppose f*o - 135 = 5*o. List the prime factors of o.
3
Let n be 2/4 + 116/(-8). Let d = -9 - n. What are the prime factors of d?
5
Suppose 0 = -3*b + 10 + 8. What are the prime factors of (-444)/(-10) + b/10?
3, 5
Let r(d) be the first derivative of -d**4/4 + 2*d**3 + d**2/2 + d + 4. Let o be r(6). Suppose -2*m - 85 = -o*m. List the prime factors of m.
17
Let c(j) = 0*j - 3*j + 0*j - 3*j**2 - 2 + j**3. Let b be c(4). Suppose -b*a - 3*a = -35. List the prime factors of a.
7
Suppose -v = -4*v. Suppose 0*h + 4*x - 31 = -h, v = 5*x - 10. Let j = 39 - h. What are the prime factors of j?
2
Suppose -3*n + 58 = -2*n. Suppose 3*l - l = -4*m + 36, n = 3*l + 4*m. List the prime factors of l.
2, 11
Suppose 3*w + 4 - 16 = 0, -2*z - 4*w = -84. What are the prime factors of z?
2, 17
Let z(h) = h + 0 + 1 + 0*h + 4*h - h**2. What are the prime factors of z(3)?
7
Let c = -29 - -69. List the prime factors of c.
2, 5
Suppose 0*l + 8 = -2*l. Let v be (-6)/l*(3 + 3). What are the prime factors of ((-60)/v)/((-2)/6)?
2, 5
Let r(m) = -2*m - 4. Let n = 0 - 5. Let b be r(n). Suppose k + k = b. List the prime factors of k.
3
What are the prime factors of 0 - 0 - (-31 - 12/(-3))?
3
Let m(z) be the first derivative of -z**4/4 - 4*z**3/3 - 3*z**2/2 - 4*z + 2. Let i be m(-4). What are the prime factors of (i/(-12))/(4/(-114))?
19
Let w(f) = f**2 + 3*f + 5. Let o be w(-5). List the prime factors of ((-16)/10)/((-3)/o).
2
Suppose -2 = -o - o. List the prime factors of (o + -12)*(-1 - 0).
11
Let d be 1 + -3 + 1*15. Suppose -c + 3 = -d. What are the prime factors of c?
2
Let u(f) = -f**2 + 2*f. Let r be u(2). Suppose r = -3*h + 10 + 8. Suppose 2*k = 3*d - 11, -2*d + 4*d - 2*k - h = 0. List the prime factors of d.
5
What are the prime factors of 14/(((-15)/3)/(-5))?
2, 7
Let i be -4*(-1)/(-6)*(2 - -22). Let a(g) = -2*g**2 - 7*g + 4. Let s be a(-6). Let b = i - s. List the prime factors of b.
2, 5
Let g = -7 + 12. Suppose 0*q - 125 = -g*q. List the prime factors of q.
5
Let d(z) be the second derivative of z**3/3 - 5*z**2/2 - z. Let k be d(4). Suppose 47 = k*h + 11. What are the prime factors of h?
2, 3
List the prime factors of (12 + -105)/(3/(-2)).
2, 31
Let k(t) = t**2 + 3*t - 4. Suppose 2*o - h + 11 = 0, 4*h = -o + 2*h - 8. Let d be (-24)/(-9) + (-2)/o. List the prime factors of k(d).
2, 7
Let k = -126 + 187. Suppose t - 17 = -f, 3*t = -f + 6*f - k. List the prime factors of f.
2, 7
Let i = -3 + 3. Suppose -5*j + 15 = -2*f, 2*f + f = i. What are the prime factors of j?
3
Let j be (1/3)/((-1)/(-21)). Suppose 2*r + 5*k = 24, -4*k - 10 = -3*r + 26. Let g = r - j. List the prime factors of g.
5
Let p = -43 + 71. Suppose 5*a = u + 48, 2*u = -4*a + p + 2. Let o = a + 4. What are the prime factors of o?
13
Let i(y) = 5*y - 4*y - 11 + 3. What are the prime factors of i(12)?
2
Let t be ((-4)/3*3)/(-2). Suppose -t + 8 = 2*g. Suppose 5*d = -5*b + 20, b - g*d = -3*b + 2. What are the prime factors of b?
2
Let w(n) = n**3 + 6*n**2 - 4*n - 3. Let l be w(-5). Suppose 78 = 3*a - z, -a - a + 4*z + l = 0. List the prime factors of a.
3
Let i(o) = -o**3 + 11*o**2 + 14*o + 1. List the prime factors of i(9).
17
Let t be (-1)/1 + (-10)/(-1). Let c = -6 + t. List the prime factors of c.
3
List the prime factors of (155/20)/(2/8).
31
Suppose -4*o = -2*k + 18, -3*k - 4*o + 60 = o. List the prime factors of k.
3, 5
Suppose -4*u = 4*p + 2 - 30, 3*p + 5*u = 13. What are the prime factors of p?
11
Let z = 9 - 5. Suppose 0 = -10*l + 5*l - 10. List the prime factors of (l/z)/((-1)/6).
3
Let k(y) = -65*y. Let o be k(-1). Suppose b - 94 + 41 = -4*f, 0 = -4*f + 3*b + o. Suppose -16 = -5*t + f. What are the prime factors of t?
2, 3
Let n(z) = -3*z + 1. Let j be n(-7). Suppose 4*v = -5*m + 35, 3*v = -2*m + j - 1. What are the prime factors of (3 - (5 + 0)) + v?
3
Suppose 0 = 4*p + p - 190. What are the prime factors of p?
2, 19
Let y = 14 + -4. Suppose y = 4*p - 3*p. List the prime factors of p.
2, 5
Let x = 78 + -41. What are the prime factors of x?
37
What are the prime factors of 2/(4 + 2)*261?
3, 29
List the prime factors of (-3897)/(-45) - ((-6)/5)/(-2).
2, 43
Let z(g) = g**3 - 3*g**2 - 2*g + 3. List the prime factors of z(5).
43
Suppose -l - 2 = -6. List the prime factors of l.
2
Let j(h) = h + 7. Let t be j(-6). Let x be t/6 - 770/12. What are the prime factors of x/(-6) - (-2)/(-3)?
2, 5
Suppose -2 = 3*o - 23. List the prime factors of o.
7
Let s be ((-33)/2)/(24/(-32)). Suppose t - s = 2. What are the prime factors of t?
2, 3
Let p(s) = -58*s. Let k be p(-1). Let x = k - 33. List the prime factors of x.
5
Let j(p) = 6*p + 37. List the prime factors of j(27).
199
Suppose i - 4*i = -18. Suppose -i - 4 = -5*v. Let d(r) = 2*r**2 + r + 1. What are the prime factors of d(v)?
11
Let n = 3 - -1. Suppose 0 = n*i + 4*p - 40, 0 = -i + 2*i - 3*p - 30. List the prime factors of i.
3, 5
Let z = -3 - -8. Let q(i) = -1 - 4*i**2 - 5*i + 4*i**3 - 3*i**3 + 3. List the prime factors of q(z).
2
Suppose -22 = -3*r + 4*z, -r + 2*z = -z + 1. What are the prime factors of r?
2, 7
Let v = 29 + -17. Let h = v - -5. What are the prime factors of h?
17
Let w = 828 + -539. What are the prime factors of w?
17
List the prime factors of 19 + -3 + (1 - 1).
2
Suppose -h + 43 = 2*t, -5*t = 2*h - 30 - 76. Suppose -2*q - 2*q = -t. Suppose 3*k - 3*w = -k + 27, -k = q*w + 22. What are the prime factors of k?
3
Let z = 194 - 103. What are the prime factors of z?
7, 13
Let z(x) = 5*x**2 - 3*x - 2*x**3 - 3 - x**3 + 4*x**3. Suppose -2*k - 2 = -4*k - 4*o, -3*k - 12 = o. What are the prime factors of z(k)?
2, 3
Let u be ((-1)/(-2))/((-5)/(-60)). Let t be 0*2*3/u. Suppose -m + 17 = -3*v, v + t = m - 11. What are the prime factors of m?
2
Suppose 4*k - 124 - 84 = 0. List the prime factors of k.
2, 13
Let z(j) = j**3 - 6*j**2 - 6*j + 3. Suppose a = -4*a - 5. Let o be ((a - 0) + 2)*7. List the prime factors of z(o).
2, 5
Suppose 4*a + 0 - 4 = 0. List the prime factors of (-32)/(-20)*a*5.
2
Let j = 64 - 53. List the prime factors of j.
11
Let w(u) = -u**3 + 7*u**2 + 6*u + 1. Let k(v) = 1. Let j(f) = -4*k(f) - w(f). List the prime factors of j(8).
11
Suppose 34 = q + 4. What are the prime factors of q?
2, 3, 5
Let y(m) = 2*m - 15. What are the prime factors of y(15)?
3, 5
Let h = -4 - -7. Suppose 41 = 5*g + 4*n, 4*g = -2*n + 7*n. Suppose -5*c = 3*k + g, c + 1 = -h. List the prime factors of k.
5
Let h(d) = 5*d + 3*d**3 - 4*d**3 - 5*d**2 - 1 + 0*d**3. Let r be h(-6). Suppose -r*v + 46 = -4. What are the prime factors of v?
2, 5
Let g(h) be the second derivative of -h**3/6 - 3*h**2/2 + 4*h. List the prime factors of g(-9).
2, 3
Let z(k) = -5*k**2 - 11*k - 14. Let d(f) = f**2 + f + 1. Let h(n) = -6*d(n) - z(n). Let y be h(6). Let i = 14 - y. What are the prime factors of i?
2, 3
List the prime factors of (-290)/(-2 + (2 - 1)).
2, 5, 29
Suppose -4*h - 3*x = -267, -h + 3*x + 78 = -0*x. List the prime factors of h.
3, 23
Suppose 24 = 3*x + 4*t + t, -x = t - 6. Let a = x + -2. What are the prime factors of 10/(-1)*(-2 + a)?
2, 5
Let j = -14 + 30. Suppose 2*m - 4*p - j = 0, 5*m - 2*p - 26 = p. What are the prime factors of (-50)/m*(-4)/5?
2, 5
Let v(f) = 2*f**2 + 5*f - 7. Let u be v(-5). Let k = u + -9. List the prime factors of k.
3
Let r = 83 + -48. Suppose g + r = 4*y - 2*y, -88 = -5*y + 2*g. List the prime factors of y.
2, 3
Suppose -86 = 7*v - 9*v. What are the prime factors of v?
43
Suppose 0 = 3*p - 8*p + 25, 2*p = -5*q + 30. Suppose 5*r + 16 = -3*o, 2*r - 1 = q*o + 3. Let a = 2 - o. List the prime factors of a.
2
Let i(l) = 19*l + 2. Let u be i(2). Suppose -2 - u = -2*p. Let x = -11 + p. What are the prime factors of x?
2, 5
What are the prime factors of (-2140)/(-52) + (-8)/52?
41
Let r(j) = -j**3 - 4*j**2 - 5*j - 5. What are the prime factors of r(-4)?
3, 5
Let u = -8 - -12. Suppose u*y - 39 = -3*r, 5*r + 31 = 7*y - 3*y. List the prime factors of y.
3
Let g = 25 - 8. What are the prime factors of g?
17
What are the prime factors of 4/(-26) + 795/13?
61
Let s =